j) = -86*j**3 + j**2 - 9. What are the prime factors of d(-3)?
2, 3, 43
List the prime factors of 4268/24*2 - (-1)/3.
2, 89
Suppose 4*r + 18 - 50 = 0. Let q(c) = 15*c - 3*c - 6 + c**2 - r*c. What are the prime factors of q(-8)?
2, 13
Let z(m) = m**3 - 2*m**2 + 2*m. Let r be z(2). Suppose -8 = -3*j + r. Suppose -j*o + 21 = -11. List the prime factors of o.
2
Suppose 0 = -12*i + i + 10582. List the prime factors of i.
2, 13, 37
Suppose -6*v + 1695 = -3207. What are the prime factors of v?
19, 43
Suppose 8*i = 7*i + 238. Let t = i + -63. Suppose y + 4*y - t = 0. List the prime factors of y.
5, 7
Suppose 3*h - 3*d - 108 = 0, 4*d - 180 = -2*h - 3*h. Let p = 50 - h. List the prime factors of p.
2, 7
Suppose -6 = q + 2*b, 4*q + 12 - 3 = -5*b. Suppose -h = -6 + q. List the prime factors of h.
2
Let r(i) = -7*i**2 + 1. Let k be r(1). Let j be 411/k - 6/4. List the prime factors of 16/20*j/(-4).
2, 7
Let c(s) = -7*s. Let p(b) = 22*b. Let o(v) = -10*c(v) - 3*p(v). List the prime factors of o(2).
2
Let l(k) = 9*k - 14. Let c(m) be the third derivative of -17*m**4/24 + 9*m**3/2 - 2*m**2. Let u(r) = -6*c(r) - 11*l(r). List the prime factors of u(10).
2, 11
List the prime factors of (406 - -6 - -3)/(1/1).
5, 83
Let x(q) = -q + 1. Let f(p) = -5*p - 3. Let n(a) = 3*f(a) + 12*x(a). List the prime factors of n(-3).
2, 3, 7
Suppose -7*t - 17456 = -4*a - 2*t, -17452 = -4*a + 4*t. What are the prime factors of a?
3, 1453
Let q(x) be the first derivative of x**4/2 - x**3/3 - 5*x**2 - 5*x + 24. List the prime factors of q(4).
67
Suppose -w + 5*n + 794 = -2702, 3*n + 15 = 0. List the prime factors of w.
3, 13, 89
Let m = 17 - -10. Suppose 0 = o - 4*a, 0 = a - 2*a + 4. Let j = m - o. What are the prime factors of j?
11
Suppose -4*t + 316 = 3*s - 152, 5*t + 5*s - 585 = 0. What are the prime factors of t?
3, 13
Suppose -8*q + 140 = -q. Let k = q - 14. What are the prime factors of k?
2, 3
Let i be 76*4/4 + -6. Suppose 40 = s - 5*s + 5*k, -2*k - 38 = 2*s. Let x = s + i. What are the prime factors of x?
5, 11
What are the prime factors of 46/(-6)*(-82 + (-15)/3)?
23, 29
Let t(n) = n + 8. Let o be t(-6). Let m be ((-3)/2)/(15/(-50)). Suppose s = k + 4*s - 7, -o*s - 86 = -m*k. What are the prime factors of k?
2
Let b = -37 - -255. List the prime factors of b.
2, 109
Suppose 5*r - 4*b - 393 = 843, -r + 3*b + 256 = 0. List the prime factors of r.
2, 61
Let l be -36 + 1 + 14/14. Let i = l + 62. List the prime factors of i.
2, 7
Suppose -883 = -5*x + o + 2583, -2*o + 2770 = 4*x. List the prime factors of x.
3, 7, 11
Suppose 1320 = r - 4*c - 87, 6 = -2*c. What are the prime factors of r?
3, 5, 31
Suppose 4 = 2*w - 2. Suppose 2*u + 20 = 6*u, -5*u + 34 = w*n. Suppose -5*g + 54 = 4*b, 5*g - n*b = 2*b + 90. List the prime factors of g.
2, 7
Let v be (-26)/(-14) + (-4)/(-28). Suppose -2*x = v*p - x + 23, -25 = 5*x. Let l(j) = -3*j + 9. List the prime factors of l(p).
2, 3
Suppose 0*w = -4*w + 408. What are the prime factors of w?
2, 3, 17
Let w(f) = 3*f**2 - 2*f - 7. Let b be 16 + -7 - -2*(-3)/2. What are the prime factors of w(b)?
89
Let b(i) = 25*i + 18. List the prime factors of b(14).
2, 23
Suppose 0 = -n + 4*i + 83, 2*i = -2*n + 79 + 77. What are the prime factors of n?
79
Let l(d) = 20*d - 16. Let x be l(7). Suppose 3*k = g + 36, -2*g - g + 5*k = x. Let s = g + 70. List the prime factors of s.
2, 11
Let w = 619 + -192. Let i = w + -288. What are the prime factors of i?
139
Let k(q) = 2*q**3 - 2*q**2 + 2*q - 3. Let w(r) = r**2 - r + 1. Let m(j) = -k(j) - w(j). Let d(l) = l + 1. Let b be d(-3). What are the prime factors of m(b)?
2, 3
Suppose 3*o + 4*p - 5 = -0*o, 2*o + 3*p = 3. Suppose 298 = -o*k + 5*k. What are the prime factors of k?
149
Let h be ((-264)/(-60))/((-1)/(-20)). Let b = h + -40. Suppose -3*r = 5*q - 240, 2*q - 3*q + b = 5*r. What are the prime factors of q?
2, 3
Suppose 883 + 507 = 2*m. Suppose -2*w = 3*k - 265, 4*w - m = k - 144. List the prime factors of w.
137
Suppose 3*j + 8 = 7*j. Suppose -u = -j*z + 348, 3*z - 5*u + 97 = 605. Suppose -s - r + 50 = -4*r, z = 4*s - 4*r. What are the prime factors of s?
41
Suppose 2 + 1 = s. Let v be 2*5*s/(-6). Let o = 33 + v. What are the prime factors of o?
2, 7
Suppose -166*i + 168*i = 28. Suppose 0 = i*z - 239 - 1455. List the prime factors of z.
11
Let i = 249 - -94. List the prime factors of i.
7
Let y be (3/9)/(2/(-54)). Let d(n) = -n - 7. Let z be d(y). Let r(j) = 3*j**2 - 5*j + 4. List the prime factors of r(z).
2, 3
Let z(b) = -2*b + 4*b - 5 + 1. Let y be z(4). Let n(r) = r**2 - 3*r - 2. What are the prime factors of n(y)?
2
Let v(z) = 8*z**3 - z**2 + z. Let r be v(1). Suppose 136 = 3*q - r. List the prime factors of q.
2, 3
Let u be (-7)/((-35)/(-435)) - 0. Let i = 141 + u. List the prime factors of i.
2, 3
Let t(a) = a**3 + 13*a**2 + 11*a + 27. Let j(l) = l**3 + 10*l**2 - 11*l - 11. Let q be j(-11). What are the prime factors of t(q)?
2, 37
Suppose 0 = 416*w - 421*w + 5900. List the prime factors of w.
2, 5, 59
Let v(w) = w**2 - 8*w - 20. Let b(n) = n**3 + 2*n. Let j be b(2). List the prime factors of v(j).
2, 7
Let f = 56 - 16. Let g = 78 - f. List the prime factors of g.
2, 19
Let g be 23/(-7) + 6/21. Let h be (-2)/4*-6 + g. Suppose h = x - 13 - 10. What are the prime factors of x?
23
Let m(g) = -17*g**2 + 13*g + 10. Let f be m(5). Let z = -201 - f. List the prime factors of z.
149
Let v(l) = 403*l**3 + 5*l**2 + 7*l - 1. What are the prime factors of v(2)?
3257
Let d(y) = y**2 - 6*y - 3. Let o be d(8). Suppose 0 = 4*x + 11 + o. What are the prime factors of (-1)/(1*1/x)?
2, 3
Suppose 132 + 260 = 2*o. List the prime factors of o.
2, 7
Suppose 2*p - 6 = 4*p. Let i be 32*((-39)/(-6) + p). Suppose -4*h + i = -64. List the prime factors of h.
2, 11
Let w = 1318 - -48. What are the prime factors of w?
2, 683
Let u be (-112)/(-35) + 4/5. Suppose 4*z + 3*i - 14 = -2*i, 0 = 3*z + u*i - 11. Let y = z - -23. What are the prime factors of y?
2, 3
Let o = 349 - 206. Let g = o - 72. Let u = g - 36. List the prime factors of u.
5, 7
Let b(l) = l**3 - 7*l**2 - 7*l - 9. Let k be b(8). Let m be (k - -1)/((-2)/2). Suppose 18 = -m*w + w. What are the prime factors of w?
2, 3
Let i(z) = z**3 - 5*z**2 - 7*z + 8. Let w be i(6). Let t(q) = -5*q + 4*q**2 - q**2 - w*q**2 - 6. What are the prime factors of t(7)?
2
Suppose -2*i - g + 8 = 0, 6*i - 5*g = i - 10. Suppose -2*h = i*k - 68, -4*h + k = -h - 110. What are the prime factors of h?
2, 3
Suppose 18*y + 649 = 1. Let o be -27 - (4/2 + -1). Let x = o - y. List the prime factors of x.
2
Suppose -74 = 4*d - 6. Let r be -4 - d - (-1 + 2). Let x = r - 1. List the prime factors of x.
11
Let c = -45 + 50. Suppose c*o = -4*u + 841, o + 4*u = -0*u + 165. What are the prime factors of o?
13
Suppose 0 = 2*f + a - 2, 2*f - a = -4*a - 2. Suppose -n + 18 = 3*q, 0 = -f*q - 7 + 15. Suppose 0*i - 5*d + n = -i, 4*i - 42 = -2*d. List the prime factors of i.
3
Suppose 7*a - 11*a + 1093 = 5*c, 0 = -5*a - c + 1361. What are the prime factors of a?
2, 17
Suppose -2*i = 5*v - 257, -v + 41 = i + 2*i. Suppose -v = -p + 1. List the prime factors of p.
2, 3
Let s = 633 - 402. List the prime factors of s.
3, 7, 11
Let g(v) = 5*v - 5. Let r be g(-5). Let h be (-610)/4*24/r. Suppose -3*w = -4 - h. What are the prime factors of w?
2, 3, 7
Suppose 0 = 2*t - 7*t + 270. Let a = t - -9. List the prime factors of a.
3, 7
Let v(k) = 25*k - 16. Let p be v(1). Suppose 2*n = -p*n + 1793. List the prime factors of n.
163
Suppose -4*l = p - 3, -p - 5*l + 2 + 4 = 0. Suppose -12 = -v + 14. Let k = p + v. What are the prime factors of k?
17
Suppose -2*n + 3*p - 76 = 0, -2*p + 8 = -4*p. What are the prime factors of (n/3)/(((-14)/39)/7)?
2, 11, 13
Let t(a) = -71*a - 18. Let f be t(-3). Suppose 3*i + 0*v = -5*v + f, 0 = -5*i + 3*v + 291. List the prime factors of i.
2, 3, 5
Let g be 1 - -2 - (-1)/(-1). Suppose -34 = 3*s - g*s. Let j = s - -57. What are the prime factors of j?
23
Let z(g) = 99*g - 20. Let n be z(4). Let t = -225 + n. List the prime factors of t.
151
What are the prime factors of -4 - ((-2394)/10 + (-24)/40)?
2, 59
Let a(o) = o**3 + 12*o**2 - 2*o - 16. Let v be a(-12). Suppose -d + v = 34. Let w = -7 - d. What are the prime factors of w?
19
Suppose -2 = s - 0, 5*t - 3*s - 6446 = 0. List the prime factors of t.
2, 7,